{"id":3764,"date":"2022-11-17T14:48:21","date_gmt":"2022-11-17T13:48:21","guid":{"rendered":"https:\/\/jednostki.uksw.edu.pl\/inkubator\/dni-kariery\/"},"modified":"2024-06-12T11:35:11","modified_gmt":"2024-06-12T09:35:11","slug":"dni-kariery","status":"publish","type":"page","link":"https:\/\/inkubator.uksw.edu.pl\/dni-kariery\/","title":{"rendered":"Przestrze\u0144 rozwoju"},"content":{"rendered":"\n<p>Przestrze\u0144 rozwoju (wcze\u015bniej jako Dni Kariery) to cykliczne wydarzenie, podczas kt\u00f3rego we\u017amiesz udzia\u0142 w profilowanych warsztatach i szkoleniach oraz spotkasz si\u0119 z doradc\u0105 zawodowym UKSW. Warto\u015bci\u0105 dodan\u0105 Przestrzeni rozwoju jest to, \u017ce cz\u0119sto Prelegentami s\u0105 Absolwenci naszej Uczelni, kt\u00f3rzy opowiadaj\u0105 o swoich \u015bcie\u017ckach kariery zawodowej. <\/p>\n\n\n\n<p><strong>Przestrze\u0144 Rozwoju 2024<\/strong><\/p>\n\n\n\n<figure class=\"wp-block-image size-full\"><img decoding=\"async\" width=\"940\" height=\"788\" src=\"https:\/\/inkubator.uksw.edu.pl\/wp-content\/uploads\/sites\/33\/2024\/06\/Przestrzen-rozwoju-w-AIP-UKSW.png\" alt=\"\" class=\"wp-image-4243\" srcset=\"https:\/\/inkubator.uksw.edu.pl\/wp-content\/uploads\/sites\/33\/2024\/06\/Przestrzen-rozwoju-w-AIP-UKSW.png 940w, https:\/\/inkubator.uksw.edu.pl\/wp-content\/uploads\/sites\/33\/2024\/06\/Przestrzen-rozwoju-w-AIP-UKSW-300x251.png 300w, https:\/\/inkubator.uksw.edu.pl\/wp-content\/uploads\/sites\/33\/2024\/06\/Przestrzen-rozwoju-w-AIP-UKSW-768x644.png 768w\" sizes=\"(max-width: 940px) 100vw, 940px\" \/><\/figure>\n\n\n\n<p><strong>Przestrze\u0144 Rozwoju 2023 <\/strong><\/p>\n\n\n\n<figure class=\"wp-block-image size-full\"><img decoding=\"async\" width=\"940\" height=\"788\" src=\"https:\/\/inkubator.uksw.edu.pl\/wp-content\/uploads\/sites\/33\/2023\/05\/FB-PROMO-1.png\" alt=\"\" class=\"wp-image-4164\" srcset=\"https:\/\/inkubator.uksw.edu.pl\/wp-content\/uploads\/sites\/33\/2023\/05\/FB-PROMO-1.png 940w, https:\/\/inkubator.uksw.edu.pl\/wp-content\/uploads\/sites\/33\/2023\/05\/FB-PROMO-1-300x251.png 300w, https:\/\/inkubator.uksw.edu.pl\/wp-content\/uploads\/sites\/33\/2023\/05\/FB-PROMO-1-768x644.png 768w\" sizes=\"(max-width: 940px) 100vw, 940px\" \/><\/figure>\n\n\n\n<p><strong>Dni Kariery z 2022 roku<\/strong><\/p>\n\n\n\n<figure class=\"wp-block-gallery has-nested-images columns-default is-cropped wp-block-gallery-1 is-layout-flex wp-block-gallery-is-layout-flex\">\n<figure class=\"wp-block-image size-large\"><img decoding=\"async\" width=\"1024\" height=\"576\" data-id=\"4065\" src=\"https:\/\/inkubator.uksw.edu.pl\/wp-content\/uploads\/sites\/33\/2022\/12\/DNI-KARIERY-UKSW.-fb-kopia-1-1024x576.png\" alt=\"\" class=\"wp-image-4065\" srcset=\"https:\/\/inkubator.uksw.edu.pl\/wp-content\/uploads\/sites\/33\/2022\/12\/DNI-KARIERY-UKSW.-fb-kopia-1-1024x576.png 1024w, https:\/\/inkubator.uksw.edu.pl\/wp-content\/uploads\/sites\/33\/2022\/12\/DNI-KARIERY-UKSW.-fb-kopia-1-300x169.png 300w, https:\/\/inkubator.uksw.edu.pl\/wp-content\/uploads\/sites\/33\/2022\/12\/DNI-KARIERY-UKSW.-fb-kopia-1-768x432.png 768w, https:\/\/inkubator.uksw.edu.pl\/wp-content\/uploads\/sites\/33\/2022\/12\/DNI-KARIERY-UKSW.-fb-kopia-1-1536x864.png 1536w, https:\/\/inkubator.uksw.edu.pl\/wp-content\/uploads\/sites\/33\/2022\/12\/DNI-KARIERY-UKSW.-fb-kopia-1.png 1920w\" sizes=\"(max-width: 1024px) 100vw, 1024px\" \/><\/figure>\n<\/figure>\n\n\n\n<figure class=\"wp-block-image size-large\"><img decoding=\"async\" width=\"1024\" height=\"576\" src=\"https:\/\/inkubator.uksw.edu.pl\/wp-content\/uploads\/sites\/33\/2022\/12\/DNI-KARIERY-UKSW-1024x576.png\" alt=\"\" class=\"wp-image-4066\" srcset=\"https:\/\/inkubator.uksw.edu.pl\/wp-content\/uploads\/sites\/33\/2022\/12\/DNI-KARIERY-UKSW-1024x576.png 1024w, https:\/\/inkubator.uksw.edu.pl\/wp-content\/uploads\/sites\/33\/2022\/12\/DNI-KARIERY-UKSW-300x169.png 300w, https:\/\/inkubator.uksw.edu.pl\/wp-content\/uploads\/sites\/33\/2022\/12\/DNI-KARIERY-UKSW-768x432.png 768w, https:\/\/inkubator.uksw.edu.pl\/wp-content\/uploads\/sites\/33\/2022\/12\/DNI-KARIERY-UKSW-1536x864.png 1536w, https:\/\/inkubator.uksw.edu.pl\/wp-content\/uploads\/sites\/33\/2022\/12\/DNI-KARIERY-UKSW.png 1920w\" sizes=\"(max-width: 1024px) 100vw, 1024px\" \/><\/figure>\n\n\n\n<figure class=\"wp-block-image size-full\"><img decoding=\"async\" width=\"940\" height=\"788\" src=\"https:\/\/inkubator.uksw.edu.pl\/wp-content\/uploads\/sites\/33\/2022\/12\/Slajd-1.png\" alt=\"\" class=\"wp-image-4070\" srcset=\"https:\/\/inkubator.uksw.edu.pl\/wp-content\/uploads\/sites\/33\/2022\/12\/Slajd-1.png 940w, https:\/\/inkubator.uksw.edu.pl\/wp-content\/uploads\/sites\/33\/2022\/12\/Slajd-1-300x251.png 300w, https:\/\/inkubator.uksw.edu.pl\/wp-content\/uploads\/sites\/33\/2022\/12\/Slajd-1-768x644.png 768w\" sizes=\"(max-width: 940px) 100vw, 940px\" \/><\/figure>\n","protected":false},"excerpt":{"rendered":"<p>Przestrze\u0144 rozwoju (wcze\u015bniej jako Dni Kariery) to cykliczne wydarzenie, podczas kt\u00f3rego we\u017amiesz udzia\u0142 w profilowanych warsztatach i szkoleniach oraz spotkasz si\u0119 z doradc\u0105 zawodowym UKSW. Warto\u015bci\u0105 dodan\u0105 Przestrzeni rozwoju jest to, \u017ce cz\u0119sto Prelegentami s\u0105 Absolwenci naszej Uczelni, kt\u00f3rzy opowiadaj\u0105 o swoich \u015bcie\u017ckach kariery zawodowej. Przestrze\u0144 Rozwoju 2024 Przestrze\u0144 Rozwoju 2023 Dni Kariery z 2022 [&hellip;]<\/p>\n","protected":false},"author":1,"featured_media":4059,"parent":0,"menu_order":3,"comment_status":"closed","ping_status":"closed","template":"page-templates\/template-sub-page.php","meta":{"_acf_changed":false,"inline_featured_image":false,"footnotes":"","_links_to":"","_links_to_target":""},"class_list":["post-3764","page","type-page","status-publish","has-post-thumbnail","hentry"],"acf":[],"_links":{"self":[{"href":"https:\/\/inkubator.uksw.edu.pl\/pl\/wp-json\/wp\/v2\/pages\/3764","targetHints":{"allow":["GET"]}}],"collection":[{"href":"https:\/\/inkubator.uksw.edu.pl\/pl\/wp-json\/wp\/v2\/pages"}],"about":[{"href":"https:\/\/inkubator.uksw.edu.pl\/pl\/wp-json\/wp\/v2\/types\/page"}],"author":[{"embeddable":true,"href":"https:\/\/inkubator.uksw.edu.pl\/pl\/wp-json\/wp\/v2\/users\/1"}],"replies":[{"embeddable":true,"href":"https:\/\/inkubator.uksw.edu.pl\/pl\/wp-json\/wp\/v2\/comments?post=3764"}],"version-history":[{"count":25,"href":"https:\/\/inkubator.uksw.edu.pl\/pl\/wp-json\/wp\/v2\/pages\/3764\/revisions"}],"predecessor-version":[{"id":4253,"href":"https:\/\/inkubator.uksw.edu.pl\/pl\/wp-json\/wp\/v2\/pages\/3764\/revisions\/4253"}],"wp:featuredmedia":[{"embeddable":true,"href":"https:\/\/inkubator.uksw.edu.pl\/pl\/wp-json\/wp\/v2\/media\/4059"}],"wp:attachment":[{"href":"https:\/\/inkubator.uksw.edu.pl\/pl\/wp-json\/wp\/v2\/media?parent=3764"}],"curies":[{"name":"wp","href":"https:\/\/api.w.org\/{rel}","templated":true}]}}

Przestrzeń rozwoju

<p>Przestrzeń rozwoju (wcześniej jako Dni Kariery) to cykliczne wydarzenie, podczas którego weźmiesz udział w profilowanych warsztatach i szkoleniach oraz spotkasz się z doradcą zawodowym UKSW. Wartością dodaną Przestrzeni rozwoju jest to, że często Prelegentami są Absolwenci naszej Uczelni, którzy opowiadają o swoich ścieżkach kariery zawodowej. </p>



<p><strong>Przestrzeń Rozwoju 2024</strong></p>



<figure class="wp-block-image size-full"><img decoding="async" width="940" height="788" src="https://inkubator.uksw.edu.pl/wp-content/uploads/sites/33/2024/06/Przestrzen-rozwoju-w-AIP-UKSW.png" alt="" class="wp-image-4243" srcset="https://inkubator.uksw.edu.pl/wp-content/uploads/sites/33/2024/06/Przestrzen-rozwoju-w-AIP-UKSW.png 940w, https://inkubator.uksw.edu.pl/wp-content/uploads/sites/33/2024/06/Przestrzen-rozwoju-w-AIP-UKSW-300x251.png 300w, https://inkubator.uksw.edu.pl/wp-content/uploads/sites/33/2024/06/Przestrzen-rozwoju-w-AIP-UKSW-768x644.png 768w" sizes="(max-width: 940px) 100vw, 940px" /></figure>



<p><strong>Przestrzeń Rozwoju 2023 </strong></p>



<figure class="wp-block-image size-full"><img decoding="async" width="940" height="788" src="https://inkubator.uksw.edu.pl/wp-content/uploads/sites/33/2023/05/FB-PROMO-1.png" alt="" class="wp-image-4164" srcset="https://inkubator.uksw.edu.pl/wp-content/uploads/sites/33/2023/05/FB-PROMO-1.png 940w, https://inkubator.uksw.edu.pl/wp-content/uploads/sites/33/2023/05/FB-PROMO-1-300x251.png 300w, https://inkubator.uksw.edu.pl/wp-content/uploads/sites/33/2023/05/FB-PROMO-1-768x644.png 768w" sizes="(max-width: 940px) 100vw, 940px" /></figure>



<p><strong>Dni Kariery z 2022 roku</strong></p>



<figure class="wp-block-gallery has-nested-images columns-default is-cropped wp-block-gallery-1 is-layout-flex wp-block-gallery-is-layout-flex">
<figure class="wp-block-image size-large"><img decoding="async" width="1024" height="576" data-id="4065" src="https://inkubator.uksw.edu.pl/wp-content/uploads/sites/33/2022/12/DNI-KARIERY-UKSW.-fb-kopia-1-1024x576.png" alt="" class="wp-image-4065" srcset="https://inkubator.uksw.edu.pl/wp-content/uploads/sites/33/2022/12/DNI-KARIERY-UKSW.-fb-kopia-1-1024x576.png 1024w, https://inkubator.uksw.edu.pl/wp-content/uploads/sites/33/2022/12/DNI-KARIERY-UKSW.-fb-kopia-1-300x169.png 300w, https://inkubator.uksw.edu.pl/wp-content/uploads/sites/33/2022/12/DNI-KARIERY-UKSW.-fb-kopia-1-768x432.png 768w, https://inkubator.uksw.edu.pl/wp-content/uploads/sites/33/2022/12/DNI-KARIERY-UKSW.-fb-kopia-1-1536x864.png 1536w, https://inkubator.uksw.edu.pl/wp-content/uploads/sites/33/2022/12/DNI-KARIERY-UKSW.-fb-kopia-1.png 1920w" sizes="(max-width: 1024px) 100vw, 1024px" /></figure>
</figure>



<figure class="wp-block-image size-large"><img decoding="async" width="1024" height="576" src="https://inkubator.uksw.edu.pl/wp-content/uploads/sites/33/2022/12/DNI-KARIERY-UKSW-1024x576.png" alt="" class="wp-image-4066" srcset="https://inkubator.uksw.edu.pl/wp-content/uploads/sites/33/2022/12/DNI-KARIERY-UKSW-1024x576.png 1024w, https://inkubator.uksw.edu.pl/wp-content/uploads/sites/33/2022/12/DNI-KARIERY-UKSW-300x169.png 300w, https://inkubator.uksw.edu.pl/wp-content/uploads/sites/33/2022/12/DNI-KARIERY-UKSW-768x432.png 768w, https://inkubator.uksw.edu.pl/wp-content/uploads/sites/33/2022/12/DNI-KARIERY-UKSW-1536x864.png 1536w, https://inkubator.uksw.edu.pl/wp-content/uploads/sites/33/2022/12/DNI-KARIERY-UKSW.png 1920w" sizes="(max-width: 1024px) 100vw, 1024px" /></figure>



<figure class="wp-block-image size-full"><img decoding="async" width="940" height="788" src="https://inkubator.uksw.edu.pl/wp-content/uploads/sites/33/2022/12/Slajd-1.png" alt="" class="wp-image-4070" srcset="https://inkubator.uksw.edu.pl/wp-content/uploads/sites/33/2022/12/Slajd-1.png 940w, https://inkubator.uksw.edu.pl/wp-content/uploads/sites/33/2022/12/Slajd-1-300x251.png 300w, https://inkubator.uksw.edu.pl/wp-content/uploads/sites/33/2022/12/Slajd-1-768x644.png 768w" sizes="(max-width: 940px) 100vw, 940px" /></figure>

<p>Przestrzeń rozwoju (wcześniej jako Dni Kariery) to cykliczne wydarzenie, podczas którego weźmiesz udział w profilowanych warsztatach i szkoleniach oraz spotkasz się z doradcą zawodowym UKSW. Wartością dodaną Przestrzeni rozwoju jest to, że często Prelegentami są Absolwenci naszej Uczelni, którzy opowiadają o swoich ścieżkach kariery zawodowej. Przestrzeń Rozwoju 2024 Przestrzeń Rozwoju 2023 Dni Kariery z 2022 [&hellip;]</p>
